0. Let a be (-2 - (o + 0)) + 3. What is u(a)?
-8
Let w(z) = z**3 + 4*z**2 + 2*z - 5. Let l = -7 + 46. Let y be (-50)/13 + (-6)/l. Give w(y).
-13
Let r(z) = -z**2 - 8*z - 4. Let m = -23 + 22. Let l be (m - 8)/(3/2). Calculate r(l).
8
Let z be (-6)/4*(-2)/3. Let p = 6 - z. Let w(u) = -u**3 + 4*u**2 + 6*u. Calculate w(p).
5
Suppose -9 = 4*h - 5*j - 2, -5*h - 5*j = -25. Let o(p) = -6*p + 25 - p**h - 23 + 3*p. What is o(-5)?
-8
Let h(p) = -p - 3. Let w be h(-8). Let n(d) = -d**3 + 5*d**2 + d - 3. Let r be n(w). Let u(c) be the first derivative of -c**2 - c + 9. What is u(r)?
-5
Let n(v) = 14*v + 3. Let l(a) = 5*a + 1. Let i(s) = 8*l(s) - 3*n(s). Calculate i(4).
-9
Let f be 3/(1/2*3). Suppose f*y + q = 4*y + 5, -3 = -q. Let h(w) = -7*w**2 - w - 1. What is h(y)?
-7
Let y(j) = j. Let c(t) = t - 1. Let k = 2 + 2. Let s be c(k). Suppose s*h = x - 15, -h + 3 = 2*x + 8. Calculate y(h).
-5
Let l be (7/(-2))/((-3)/6). Suppose 2*w + 14 = 3*n, l = -n + 3*n + w. Let j be (n - 3) + 1*-3. Let g(o) = o**2 - 2*o - 3. What is g(j)?
5
Let q = 3 + -3. Suppose 2 = -2*l - x + 1, q = 3*l - 5*x + 21. Let b be 3 + (l - -1) + 3. Let o(z) = -z**3 + 4*z**2 + 5*z - 6. Determine o(b).
-6
Let t(h) = -6 + 5 + 9*h - 5*h. What is t(3)?
11
Let n(f) be the second derivative of f**3/6 - 3*f**2/2 - 5*f. What is n(5)?
2
Let b(k) be the third derivative of k**5/60 + k**4/24 - 13*k**3/6 + 7*k**2. What is b(0)?
-13
Let c(s) = -s**3 + 3*s**2 - s. Let j be ((-1)/1)/(5/(-40)). Suppose q = j - 6. Calculate c(q).
2
Let z(v) be the third derivative of -v**4/24 - v**3/2 + 4*v**2 - 4. Let o be 0 + -3 + -2*1. What is z(o)?
2
Suppose n - 5*n = -l - 17, 10 = -5*l + 5*n. Let b(a) be the second derivative of 1/20*a**5 + 0 + a + 1/3*a**l - 5/2*a**2 - 1/3*a**4. Calculate b(4).
3
Let k(w) = -w + 3. Let x = -7 - -13. Let o = x + -4. Suppose o*u + 4 = -r - 4, -4 = u. Determine k(r).
3
Let r(k) = k**2 + 4*k - 1. Let y be (-3)/(-12) - (-21)/12. Suppose y*n + 5 = 1. Calculate r(n).
-5
Let v(r) = r**2 - 5*r + 3. Let j = 10 - 6. Determine v(j).
-1
Let o be (-5 - -5)*2/(-4). Let t(z) be the third derivative of o*z + 0*z**3 - 1/8*z**4 - 2*z**2 + 0. Give t(-1).
3
Let u(i) = i**3 + i. Let l be u(1). Suppose -3*j + v + 8 = l*v, j - 2*v = -2. Let s(p) = -3*p + 2. Determine s(j).
-4
Suppose -5*i + i - 12 = 0. Let q(b) = 5*b - 2*b - 1 - 2*b. Determine q(i).
-4
Suppose 0 = -0*p - p + 1. Let q = 0 + p. Let z(s) = -7*s**2 - 4*s + 1. Let t(c) = -c**2 - c. Let i(f) = 4*t(f) - z(f). What is i(q)?
2
Let d(u) = u + 11. Let t(c) = c**2 + 13*c + 24. Let p be t(-10). Give d(p).
5
Let u(q) = 2*q - 3. Let m be u(10). Let h = -17 + m. Let p(n) = n**2 + n + 5. Give p(h).
5
Let u(k) = 14*k**3 + 2*k**2 - 4*k + 1. Let j(s) = 15*s**3 + 2*s**2 - 5*s + 1. Let w(x) = 2*j(x) - 3*u(x). What is w(1)?
-13
Let r(t) = 4*t - 11. Let z(n) = -7*n + 21. Let p(f) = -11*r(f) - 6*z(f). Let u be ((-15)/12)/(1/4). What is p(u)?
5
Let q(z) = z**3 + 2. Suppose -4*y = -y. Calculate q(y).
2
Let r(a) = a**2 - 3*a + 1. Let y = -5 + 9. Suppose -y + 29 = 5*h. Calculate r(h).
11
Let r = 38 + -35. Let p(w) = 4*w - 4. Determine p(r).
8
Suppose -4*y + 3 = -5*y. Let b(l) = -4*l - 4. Give b(y).
8
Let j = -94 + 97. Let s(i) = i + 2. Give s(j).
5
Suppose 2*k + 0 = 8. Suppose 18 = -k*c - 2. Let t be (12/15)/(1/c). Let u(n) = -n - 1. What is u(t)?
3
Let q(j) = -j**3 + 6*j**2 + 6*j + 10. Let w be q(7). Let l(f) = -7*f - 7 + 1 + 5*f**2 - 6*f**2 + w*f**2 + f**3. Give l(-4).
-10
Let y(x) = -6*x - 3. Let r(m) = 19*m + 10. Let n(i) = -2*r(i) - 7*y(i). Give n(-2).
-7
Let k(h) be the second derivative of -h**4/12 + 2*h**3/3 - h**2/2 + 8*h. Calculate k(4).
-1
Let v(z) = -1. Let u(r) = -r - 5. Let d(a) = -u(a) + 6*v(a). Suppose -5*o = -0*o - 15. Calculate d(o).
2
Let m(i) = i**2 + 8*i + 9. Suppose u = 2*u. Suppose u = -0*p + 3*p + 18. Give m(p).
-3
Let b(d) = d + 8. Let g be b(-6). Let m(v) = v**3 - v + 2. Determine m(g).
8
Let c be (-8)/(-24) - 23/(-3). Let d(i) = -2 + i - 7*i**3 - 2*i - 10*i**2 + 3*i**2 + c*i**3. Give d(7).
-9
Let o(q) = -q - 1. Let i(k) = k + 8. Let y(j) = -i(j) - 3*o(j). Calculate y(5).
5
Let t(f) be the first derivative of -f**5/20 + f**2 - 6*f - 2. Let m(b) be the first derivative of t(b). Determine m(2).
-6
Let i(o) be the second derivative of o**5/20 - 2*o**4/3 + 5*o**3/6 + 5*o**2 + 11*o. Give i(7).
-4
Let f(j) = -4*j - 8. Let i be (-2)/(-7) + (-748)/119. Give f(i).
16
Let l(r) = -r**2 - r + 3. Let i = 23 + -23. Suppose i = -2*b - 3*b. What is l(b)?
3
Let c(v) = -v**2 - 6*v + 10. Let x be (-7)/(-4*1/(-4)). Give c(x).
3
Let o be 136/(-22) - 4/(-22). Let v be o/(-4)*2/3. Let j(k) = -k**2 + k + 1. Give j(v).
1
Let w(t) be the second derivative of -t**5/120 + 5*t**4/24 - t**3/2 + 2*t. Let z(d) be the second derivative of w(d). Let h = -7 - -13. Give z(h).
-1
Let t(d) be the first derivative of d**4/4 - 4*d**3/3 + d**2 + 1. Let b = 8 - 5. Determine t(b).
-3
Let r(c) = -8*c**3 + 2*c**2 - c. Suppose -2*x + 2*l + 2 = -3*l, 2*l + 3 = 3*x. Calculate r(x).
-7
Let c(l) be the third derivative of -1/120*l**6 - l**2 - 1/6*l**3 + 1/24*l**4 + 0*l + 0 - 1/30*l**5. Let a be c(-3). Let b(u) = 2*u - 3. Determine b(a).
7
Let r(y) = y - 5. Let s be r(6). Let b(z) = 11*z**2 - 2*z + 4*z - 3*z. What is b(s)?
10
Let t(r) be the second derivative of -r**5/20 + r**3/6 - 2*r. Let d(a) = -6*a**3 + 2*a**2 + 1. Let j(f) = d(f) - 2*t(f). Determine j(1).
-3
Suppose 3 = r + 1. Let d be 1/(r/(-30)*-3). Let l = d - 9. Let q(m) = m**2 + 6*m + 6. What is q(l)?
-2
Let m be 4/(-18) - 76/(-18). Suppose 5*f - 31 = -4*r + 3, -2*f = -4. Suppose n = m*n + r. Let d(t) = t**3 + t**2 + t. Determine d(n).
-6
Let t(c) be the second derivative of 0 - 1/6*c**3 + 5*c - 1/2*c**2. Determine t(-2).
1
Let f(k) = 20*k**2 - 17*k + 33. Let g(q) = -7*q**2 + 6*q - 11. Let a(l) = 6*f(l) + 17*g(l). Give a(0).
11
Let r(p) = p**2 + p. Let b = 9 + -8. Let k(v) = -4*v**2 - v - 4. Let t(a) = b*k(a) + 6*r(a). Determine t(-4).
8
Let p(d) = -d**2 + 7*d - 1. Let g = 7 - -2. Suppose 9 = 3*v - g. Give p(v).
5
Let u(s) = 6*s. Let f(d) = -2*d - 7. Let o be f(-5). Suppose 0*i - 3*i - 16 = q, 3*q = o*i. Let j be (q/(-2) - 1) + 0. Give u(j).
6
Suppose 3*g = -15, -2*r = 5*g - 3*g + 12. Let t = r - -5. Let k(s) be the third derivative of -s**4/24 + 3*s**3/2 - s**2. Calculate k(t).
5
Let h(m) be the first derivative of m**3/3 + 7*m**2/2 - 4*m - 2. Let y be h(-8). Let l(a) = a**3 - 5*a**2 + 6*a - 4. What is l(y)?
4
Let l(v) = 2*v + 7. Let g(o) = -4*o - 13. Let h(i) = -4*g(i) - 7*l(i). Suppose -3*u + 0*u + 18 = -3*k, 4*k + 22 = 3*u. Let w be (-6)/k*96/(-36). Calculate h(w).
-5
Let u(r) be the second derivative of r**5/20 + 5*r**4/12 + r**3/3 - 3*r**2/2 - 5*r. Give u(-5).
-13
Suppose -2*n = 2*n - 8. Let f(a) = 7*a**2 + 4*a**2 + a + 1 - 12*a**n + 0. Calculate f(-1).
-1
Let o(v) be the first derivative of -v**5/60 + v**4/24 + 5*v**3/6 + v**2/2 - 1. Let t(y) be the second derivative of o(y). Determine t(0).
5
Let z(l) = l - 2. Let d be z(6). Let x(b) = b**3 - 4*b**2 + 3*b + 1. Calculate x(d).
13
Let g(u) be the third derivative of 0 - 2/3*u**3 - 1/60*u**5 + 4*u**2 + 0*u - 1/4*u**4. Calculate g(-4).
4
Suppose 1 = -a - 4*o, 2*a - 5*a + o = -10. Let g(s) = s**3 - 4*s - 1. Calculate g(a).
14
Suppose -3*c + 5 = -4. Let o(y) = -y - 5*y**3 + 1 + 5*y**3 + y**c - y**2. Calculate o(1).
0
Let c be 4/(-18) + 16/(-9). Let o(d) = -2*d - 1 + d**2 + 3*d + 0*d**2. Determine o(c).
1
Let z(v) = 5*v + 1. Let b(l) = -10*l - 3. Let d(i) = -2*b(i) - 5*z(i). Calculate d(2).
-9
Let o(b) be the second derivative of -b**4/4 + b**2 + 16*b. Give o(2).
-10
Let z(u) be the third derivative of 0*u + 3*u**2 + 0 + u**3 + 1/24*u**4. What is z(-5)?
1
Suppose 4*x + 0 - 20 = 0. Let d(t) = 0*t - 1 - 3*t + x. Determine d(3).
-5
Let c(d) = d - 1. Let g(z) = 8*z - 4. Let t(w) = 7*w - 4. Let r(n) = -2*g(n) + 3*t(n). Let q(j) = -11*c(j) + 2*r(j). What is q(3)?
0
Let g = -8 + 10. Suppose 20 = 7*n - g*n. Let z(h) = 3*h - 6. Determine z(n).
6
Let z(j) = j + 24. Let p be z(-9). Suppose 0 = -d - 4*d. Suppose 3*k = -d*k + p. Let f(y) = y + 1. Calculate f(k).
6
Let l(g) = g**2 + g - 1. Let u(o) = 4*o**2 + 9*o - 9. Let b(j) = -6*l(j) + u(j). Let k be 2/(-3*1/(-3)). Give b(k).
-5
Let c = 14 + -9. Let d(q) = -q**3 + 5*q**2 - q - 4. Calculate d(c).
-9
Let b(d) = 6*d. Suppose 0 = 2*w + 4*p + 6, -